ase 4, what is 22201031 + -1?
22201030
In base 16, what is -804 + -1?
-805
In base 12, what is 4 - -41385?
41389
In base 15, what is a + -8471c?
-84712
In base 14, what is 182 + -299?
-117
In base 13, what is -8359 + -1?
-835a
In base 12, what is -4 + -9808?
-9810
In base 13, what is -80828 - 7?
-80832
In base 16, what is 47 + a26?
a6d
In base 14, what is 13 + 8236?
8249
In base 8, what is -3 - -2101?
2076
In base 3, what is -21111222 + 12110?
-21022112
In base 5, what is -2 - -304312?
304310
In base 9, what is 12 - -41201?
41213
In base 16, what is 9 + -231?
-228
In base 5, what is -233121 - -4?
-233112
In base 4, what is -2300033 + 30?
-2300003
In base 6, what is -5 + -32421535?
-32421544
In base 16, what is -5 + d14?
d0f
In base 8, what is -51 + 5734?
5663
In base 4, what is 32 + -12131?
-12033
In base 10, what is 0 + -18873?
-18873
In base 7, what is -3422 - -201?
-3221
In base 2, what is -110110101 + -1000010000?
-1111000101
In base 9, what is -34255 - -17?
-34237
In base 8, what is 27415 - -15?
27432
In base 16, what is 9 + -27dc?
-27d3
In base 9, what is -4 + 16852?
16847
In base 5, what is 12 + 1213?
1230
In base 5, what is 33 + -314431?
-314343
In base 3, what is 112102 - 2102?
110000
In base 10, what is 55 - 25?
30
In base 12, what is 165a7 - b?
16598
In base 9, what is 11435 + -17?
11417
In base 4, what is -3 + -11321113?
-11321122
In base 10, what is -5 - -120480?
120475
In base 8, what is -46 + 501?
433
In base 10, what is -2 - 144901?
-144903
In base 12, what is -492b - 3?
-4932
In base 4, what is 2200023 + -113?
2133310
In base 10, what is -177173 - -3?
-177170
In base 4, what is -103130022 + 1?
-103130021
In base 5, what is -2 - 411212402?
-411212404
In base 13, what is 4ac - 3c?
470
In base 4, what is 12 + -2213111?
-2213033
In base 15, what is 3bed + -4?
3be9
In base 8, what is 2256043 + -4?
2256037
In base 4, what is 1330000 - 1023?
1322311
In base 6, what is -4 - -332530?
332522
In base 14, what is 119757 - 5?
119752
In base 15, what is -3 - 1bc96?
-1bc99
In base 14, what is -756 + -1a7?
-91d
In base 14, what is -257 + -45?
-29c
In base 7, what is -240541 + 55?
-240453
In base 3, what is -1112201220 + 1?
-1112201212
In base 4, what is 11020202301 - 11?
11020202230
In base 15, what is -751 - -76?
-6ca
In base 3, what is -20202 - 2202101?
-10000010
In base 14, what is -3609b4 + 4?
-3609b0
In base 9, what is 5 + 1213?
1218
In base 5, what is 1200100 - -111?
1200211
In base 15, what is 1 + 3b2a2?
3b2a3
In base 9, what is -44847 + -46?
-45004
In base 15, what is 5 + -3c28a?
-3c285
In base 16, what is 33c6c - -2?
33c6e
In base 15, what is 1 + -55ec4?
-55ec3
In base 2, what is -1000011000100011110110 + -11?
-1000011000100011111001
In base 2, what is -101 + 1111010010011?
1111010001110
In base 2, what is 100101011 + 11000?
101000011
In base 2, what is 11010011000100 + 0?
11010011000100
In base 14, what is 70 + 933?
9a3
In base 12, what is 1 + -1175?
-1174
In base 2, what is -11011011011000101 - -100?
-11011011011000001
In base 16, what is -1d0eae + -5?
-1d0eb3
In base 15, what is 5 + -a3c?
-a37
In base 5, what is -130244 - 302?
-131101
In base 10, what is -1855 - -3?
-1852
In base 4, what is -1 + -1321112?
-1321113
In base 5, what is -10 + -10440332?
-10440342
In base 4, what is 23012033 + -112?
23011321
In base 5, what is 1 + 112420403?
112420404
In base 12, what is 5283 - -62?
5325
In base 4, what is -1220 - 12112300?
-12120120
In base 13, what is c70a + 3?
c710
In base 3, what is 11 + -222120022?
-222120011
In base 6, what is -4014 + 110?
-3504
In base 9, what is 0 + 4333?
4333
In base 14, what is c - -6114?
6122
In base 9, what is 8873 - -13?
8886
In base 7, what is 11403 + -21?
11352
In base 4, what is -2 - 221303121?
-221303123
In base 15, what is 0 + -94d55?
-94d55
In base 6, what is 0 + -223015?
-223015
In base 9, what is -1002 - -163?
-728
In base 14, what is 3 - 3da5a?
-3da57
In base 4, what is -20 + -11233300?
-11233320
In base 12, what is 4b14 - -384?
5298
In base 15, what is -4 - -321?
31c
In base 16, what is 7 - 219fc?
-219f5
In base 12, what is -7 - -aa3a3?
aa398
In base 2, what is -11 + -100000110111100010110?
-100000110111100011001
In base 11, what is -67 + -256a?
-2626
In base 11, what is -1 + 430746?
430745
In base 6, what is -1 + -23123?
-23124
In base 4, what is -10131002 - -3?
-10130333
In base 14, what is -5 + 17a24?
17a1d
In base 15, what is -147b3 - -1?
-147b2
In base 12, what is 15b1 - 3?
15aa
In base 6, what is -121 + 141440?
141315
In base 12, what is 108 + 187?
293
In base 16, what is 2 + -101b2?
-101b0
In base 9, what is -144 - 5547?
-5702
In base 13, what is -c467 + 17?
-c450
In base 15, what is 1a18a - 1?
1a189
In base 9, what is -2477482 + 1?
-2477481
In base 14, what is 133a - d?
132b
In base 4, what is 2 - 10200132?
-10200130
In base 10, what is -3 + 26146?
26143
In base 13, what is 2 - -220a81?
220a83
In base 15, what is c9885 - 5?
c9880
In base 14, what is -464c - -3?
-4649
In base 14, what is 4772 - -4?
4776
In base 13, what is 42026 - -7?
42030
In base 14, what is -2bb7 + 172?
-2a45
In base 8, what is -4 - -506630?
506624
In base 9, what is -138 + 1426?
1277
In base 16, what is -218380 + 0?
-218380
In base 11, what is 64700 - -8?
64708
In base 15, what is -b6 - -15e?
98
In base 4, what is 102131230 - -12?
102131302
In base 11, what is -86a - 1123?
-1992
In base 15, what is -d01e + -5?
-d024
In base 10, what is -25 - 23390?
-23415
In base 7, what is 46 - 1661?
-1612
In base 5, what is 0 - 103333?
-103333
In base 13, what is -8a + 180c?
1752
In base 15, what is 0 + 897d?
897d
In base 3, what is -201120100112 - -10?
-201120100102
In base 7, what is 4 - -143466?
143503
In base 11, what is -5 - -90589?
90584
In base 11, what is 1260 - -2?
1262
In base 10, what is -630 - -64?
-566
In base 15, what is 0 + 23c2?
23c2
In base 15, what is -2ec + 31?
-2bb
In base 8, what is -60 + -33?
-113
In base 11, what is -25 + a5?
80
In base 12, what is 278 - -18b?
447
In base 9, what is -1 - -215666?
215665
In base 2, what is -1 + -101111010101111?
-101111010110000
In base 8, what is 5341 + -21?
5320
In base 11, what is 10 + 125?
135
In base 10, what is -2 - 275287?
-275289
In base 16, what is 626f + 16?
6285
In base 7, what is 464552 + -1?
464551
In base 14, what is 25 + 1b1?
1d6
In base 13, what is -15290 + -166?
-15426
In base 11, what is -82a66 + -4?
-82a6a
In base 7, what is 1015 - -63?
1111
In base 3, what is -1121000 + 101?
-1120122
In base 6, what is 4 + 15405421?
15405425
In base 14, what is -807 + 166?
-681
In base 16, what is -4 + ac0?
abc
In base 2, what is -1000011110 - -100101010?
-11110100
In base 15, what is -4c - -793d?
78e1
In base 14, what is -aa56 + -5?
-aa5b
In base 7, what is -42 - 30254?
-30326
In base 5, what is 10 - -213223?
213233
In base 6, what is -2243010 + 25?
-2242541
In base 7, what is -11 + -303?
-314
In base 4, what is -1233021 + -12?
-1233033
In base 14, what is -db - -1bd1?
1ad4
In base 11, what is -67 + 826?
76a
In base 8, what is 13115 - 3?
13112
In base 14, what is -2d05d - 3?
-2d062
In base 11, what is 474 + -233?
241
In base 7, what is 111000 + 1?
111001
In base 6, what is 15 + -3252343?
-3252324
In base 16, what is -70 - -d1d?
cad
In base 15, what is 6d - -72?
e0
In base 6, what is -21 + -1554?
-2015
In base 4, what is 101 + 121131?
121232
In base 10, what is 2 - 64790?
-64788
In base 9, what is -58 + -3376?
-3445
In base 14, what is 13 + -1387?
-1374
In base 10, what is 319 - 8866?
-8547
In base 16, what is 3e8 + -377?
71
In base 3, what is 110112201 - -11?
110112212
In base 4, what is -120023 - 3023?
-123112
In base 10, what is 152452 - -2?
152454
In base 10, what is 0 + -15636?
-15636
In base 11, what is -5 + 8148?
8143
In base 7, what is 1151 - 205?
643
In base 16, what is -378c + -8?
-3794
In base 10, what is -2 - -8482?
8480
In base 16, what is 2ac6 - -4?
2aca
In base 12, what is 5bb6 - 42?
5b74
In base 2, what is -111 + 101101011001101?
101101011000110
In base 5, what is 4 + -123324?
-123320
In base 9, what is -112381 - -5?
-112375
In base 3, what is -210 - 1012211011?
-1012211221
In base 10, what is -1132 - 280?
-1412
In base 13, what is -426b + 71?
-41ca
In base 10, what is 23 - 5163?
-5140
In base 7, what is -2 + -2423101?
-2423103
In base 8, what is -2 - -32